nder when 326 is divided by 163.
0
Calculate the remainder when 237 is divided by 64.
45
What is the remainder when 163 is divided by 139?
24
What is the remainder when 6977 is divided by 10?
7
Calculate the remainder when 99 is divided by 49.
1
What is the remainder when 6522 is divided by 15?
12
What is the remainder when 2698 is divided by 5?
3
What is the remainder when 2359 is divided by 20?
19
What is the remainder when 2307 is divided by 21?
18
What is the remainder when 1874 is divided by 45?
29
Calculate the remainder when 7065 is divided by 35.
30
Calculate the remainder when 943 is divided by 313.
4
Calculate the remainder when 938 is divided by 123.
77
Calculate the remainder when 87 is divided by 37.
13
Calculate the remainder when 147 is divided by 26.
17
What is the remainder when 728 is divided by 32?
24
What is the remainder when 324 is divided by 8?
4
Calculate the remainder when 2779 is divided by 6.
1
Calculate the remainder when 866 is divided by 399.
68
Calculate the remainder when 3716 is divided by 11.
9
Calculate the remainder when 313 is divided by 5.
3
What is the remainder when 432 is divided by 125?
57
What is the remainder when 154 is divided by 151?
3
What is the remainder when 875 is divided by 224?
203
What is the remainder when 1044 is divided by 25?
19
Calculate the remainder when 338 is divided by 91.
65
What is the remainder when 1183 is divided by 108?
103
What is the remainder when 168 is divided by 59?
50
What is the remainder when 395 is divided by 193?
9
What is the remainder when 125 is divided by 22?
15
Calculate the remainder when 65 is divided by 19.
8
Calculate the remainder when 173 is divided by 104.
69
What is the remainder when 2363 is divided by 2359?
4
What is the remainder when 681 is divided by 35?
16
Calculate the remainder when 6324 is divided by 23.
22
Calculate the remainder when 154 is divided by 15.
4
Calculate the remainder when 7107 is divided by 10.
7
What is the remainder when 302 is divided by 44?
38
Calculate the remainder when 233 is divided by 56.
9
What is the remainder when 45 is divided by 27?
18
What is the remainder when 825 is divided by 156?
45
Calculate the remainder when 3134 is divided by 11.
10
What is the remainder when 50 is divided by 14?
8
What is the remainder when 2577 is divided by 261?
228
Calculate the remainder when 434 is divided by 149.
136
What is the remainder when 59 is divided by 7?
3
What is the remainder when 250 is divided by 21?
19
What is the remainder when 12279 is divided by 69?
66
What is the remainder when 469 is divided by 38?
13
Calculate the remainder when 107 is divided by 59.
48
What is the remainder when 1764 is divided by 47?
25
What is the remainder when 270 is divided by 37?
11
Calculate the remainder when 5566 is divided by 58.
56
What is the remainder when 110 is divided by 14?
12
What is the remainder when 457 is divided by 134?
55
What is the remainder when 909 is divided by 57?
54
Calculate the remainder when 14 is divided by 2.
0
What is the remainder when 15747 is divided by 75?
72
Calculate the remainder when 567 is divided by 567.
0
Calculate the remainder when 253 is divided by 53.
41
Calculate the remainder when 208 is divided by 65.
13
What is the remainder when 1134 is divided by 17?
12
What is the remainder when 555 is divided by 143?
126
What is the remainder when 1394 is divided by 47?
31
What is the remainder when 5381 is divided by 39?
38
What is the remainder when 16 is divided by 8?
0
What is the remainder when 14466 is divided by 21?
18
Calculate the remainder when 3013 is divided by 88.
21
Calculate the remainder when 394 is divided by 57.
52
What is the remainder when 1406 is divided by 88?
86
What is the remainder when 79 is divided by 47?
32
Calculate the remainder when 879 is divided by 80.
79
Calculate the remainder when 264 is divided by 38.
36
What is the remainder when 249 is divided by 12?
9
What is the remainder when 138 is divided by 40?
18
Calculate the remainder when 338 is divided by 23.
16
Calculate the remainder when 466 is divided by 67.
64
What is the remainder when 112 is divided by 41?
30
What is the remainder when 2437 is divided by 33?
28
What is the remainder when 1351 is divided by 11?
9
Calculate the remainder when 292 is divided by 284.
8
What is the remainder when 140 is divided by 18?
14
Calculate the remainder when 995 is divided by 199.
0
What is the remainder when 2375 is divided by 108?
107
What is the remainder when 289 is divided by 9?
1
Calculate the remainder when 186 is divided by 19.
15
What is the remainder when 3765 is divided by 84?
69
Calculate the remainder when 743 is divided by 146.
13
What is the remainder when 306 is divided by 44?
42
What is the remainder when 108 is divided by 54?
0
Calculate the remainder when 210 is divided by 12.
6
Calculate the remainder when 267 is divided by 41.
21
What is the remainder when 1542 is divided by 511?
9
What is the remainder when 323 is divided by 9?
8
Calculate the remainder when 373 is divided by 93.
1
What is the remainder when 36 is divided by 35?
1
What is the remainder when 260 is divided by 29?
28
What is the remainder when 342 is divided by 69?
66
What is the remainder when 1229 is divided by 394?
47
What is the remainder when 337 is divided by 49?
43
Calculate the remainder when 83 is divided by 32.
19
What is the remainder when 532 is divided by 183?
166
What is the remainder when 943 is divided by 247?
202
What is the remainder when 138 is divided by 7?
5
What is the remainder when 50 is divided by 14?
8
Calculate the remainder when 2470 is divided by 1228.
14
Calculate the remainder when 177 is divided by 100.
77
Calculate the remainder when 3082 is divided by 1021.
19
Calculate the remainder when 5076 is divided by 1691.
3
Calculate the remainder when 8886 is divided by 11.
9
What is the remainder when 72 is divided by 56?
16
What is the remainder when 57 is divided by 8?
1
What is the remainder when 805 is divided by 101?
98
Calculate the remainder when 78515 is divided by 83.
80
What is the remainder when 523 is divided by 14?
5
What is the remainder when 129 is divided by 60?
9
Calculate the remainder when 6300 is divided by 32.
28
Calculate the remainder when 1010 is divided by 28.
2
Calculate the remainder when 544 is divided by 140.
124
Calculate the remainder when 1051 is divided by 175.
1
Calculate the remainder when 701 is divided by 343.
15
Calculate the remainder when 99 is divided by 10.
9
What is the remainder when 9565 is divided by 145?
140
What is the remainder when 1168 is divided by 18?
16
What is the remainder when 425 is divided by 71?
70
Calculate the remainder when 286 is divided by 2.
0
Calculate the remainder when 320 is divided by 78.
8
What is the remainder when 1097 is divided by 65?
57
Calculate the remainder when 215 is divided by 108.
107
Calculate the remainder when 619 is divided by 124.
123
Calculate the remainder when 1182 is divided by 317.
231
What is the remainder when 232 is divided by 217?
15
Calculate the remainder when 227 is divided by 76.
75
Calculate the remainder when 21207 is divided by 35.
32
What is the remainder when 572 is divided by 72?
68
What is the remainder when 5661 is divided by 52?
45
What is the remainder when 2373 is divided by 18?
15
What is the remainder when 397 is divided by 51?
40
Calculate the remainder when 655 is divided by 232.
191
What is the remainder when 404 is divided by 81?
80
Calculate the remainder when 26 is divided by 14.
12
Calculate the remainder when 911 is divided by 42.
29
What is the remainder when 118 is divided by 12?
10
Calculate the remainder when 232 is divided by 64.
40
Calculate the remainder when 421 is divided by 100.
21
What is the remainder when 187 is divided by 176?
11
What is the remainder when 63447 is divided by 103?
102
What is the remainder when 582 is divided by 561?
21
Calculate the remainder when 188 is divided by 5.
3
Calculate the remainder when 293 is divided by 95.
8
Calculate the remainder when 130 is divided by 44.
42
Calculate the remainder when 358 is divided by 85.
18
What is the remainder when 121 is divided by 33?
22
What is the remainder when 123 is divided by 69?
54
Calculate the remainder w